etermine f(4).
-49
Let x(w) = -136*w - 2976. Give x(-22).
16
Let p(j) = -j**3 - 24*j**2 - 7*j - 122. Calculate p(-24).
46
Let u(i) = -i**3 - 11*i**2 + 65*i + 76. What is u(-15)?
1
Let t(y) = y**3 + 9*y**2 + 9*y + 1. Determine t(-8).
-7
Let k(j) = 2050*j + 32803. Calculate k(-16).
3
Let l(p) = p**2 + 23*p + 75. What is l(-18)?
-15
Let u(m) = -224*m + 5612. Calculate u(24).
236
Let l(r) = 100*r + 3560. Determine l(-36).
-40
Let r(g) = 269*g + 1749. What is r(-6)?
135
Let g(x) = -613*x - 43536. What is g(-71)?
-13
Let o(h) = 12*h**2 + 18*h - 33. Calculate o(2).
51
Let i(x) = x**3 - 42*x**2 - 646*x + 7. What is i(-12)?
-17
Let x(t) = 547*t - 1597. What is x(3)?
44
Let l(y) = y**2 - 13*y - 459. Give l(-16).
5
Let y(d) = 411*d - 2448. Give y(6).
18
Let y(n) = n**3 - 14*n**2 - 2*n - 15. Calculate y(14).
-43
Let y(f) = 23*f**2 + 760*f + 54. Determine y(-33).
21
Let b(u) = 4*u**2 - 13*u + 13. Determine b(1).
4
Let y(k) = k**2 - 30*k + 168. Calculate y(23).
7
Let g(p) = -10*p**2 - 413*p + 730. Calculate g(-43).
-1
Let x(k) = -k**3 + 42*k**2 - 181*k - 13. Calculate x(37).
135
Let i(p) = 2*p**2 + 125*p + 11. Calculate i(-64).
203
Let y(a) = 38*a**2 + 3*a - 25. Give y(-5).
910
Let o(r) = 3*r**3 - 2*r**2 - r + 6. Calculate o(-2).
-24
Let d(v) = -2*v**3 - 209*v**2 - 506*v + 401. Determine d(-102).
-7
Let c(f) = 2*f**3 + 26*f**2 + 33*f - 86. Determine c(-3).
-5
Let q(z) = z**2 + 13*z - 1253. Calculate q(29).
-35
Let x(k) = -14*k + 55. Determine x(4).
-1
Let i(q) = -9*q**3 + 17*q - 17. Calculate i(1).
-9
Let b(o) = -187*o - 1773. Determine b(-7).
-464
Let z(b) = b**2 - 1245*b - 135949. What is z(-101)?
-3
Let h(w) = -11*w**2 - 70*w - 18. Give h(-6).
6
Let k(d) = 75*d**2 - 4*d - 53. Calculate k(3).
610
Let f(r) = r**2 + 48*r + 758. What is f(-22)?
186
Let a(s) = s**3 + 44*s**2 - 19*s - 389. Determine a(-44).
447
Let r(f) = 160*f**2 - 50*f + 51. Calculate r(1).
161
Let c(i) = 10*i**2 - 202*i - 21. Determine c(20).
-61
Let a(x) = x**2 + 21*x + 28. Give a(-12).
-80
Let l(a) = a**3 + 20*a**2 - 100*a - 106. Determine l(-24).
-10
Let o(g) = -265*g + 137. What is o(1)?
-128
Let w(t) = -368*t - 3400. Determine w(-9).
-88
Let i(x) = -x**2 + 137*x + 683. What is i(-5)?
-27
Let t(s) = 4*s**2 - 37*s + 48. What is t(8)?
8
Let t(r) = 138*r**2 - 2. Calculate t(-1).
136
Let x(l) = 2*l**2 - 22*l - 4450. Determine x(53).
2
Let y(r) = -r**3 + 34*r + 9. Give y(8).
-231
Let j(s) = -4*s**3 - 39*s**2 + 58*s + 2. Determine j(-11).
-31
Let f(z) = -z**3 + 72*z**2 - 49*z - 1598. What is f(71)?
-36
Let d(z) = -2*z**2 + 38*z + 10. Calculate d(20).
-30
Let i(g) = -192*g + 27091. Calculate i(141).
19
Let q(x) = x**2 + 37*x - 3604. Determine q(44).
-40
Let g(o) = o**2 + 340*o + 5246. Determine g(-16).
62
Let a(z) = 35*z**2 - 84*z + 96. Give a(2).
68
Let t(y) = -119*y + 7753. Calculate t(64).
137
Let a(d) = -d**3 + 10*d**2 + 301*d + 6. Determine a(23).
52
Let d(q) = -2*q**3 - 23*q**2 - 16*q. What is d(-11)?
55
Let l(x) = x**3 + 286*x**2 - 1756*x + 26. Give l(6).
2
Let z(q) = -q**2 - 23*q + 18. Give z(-8).
138
Let i(x) = -179*x - 683. Calculate i(-5).
212
Let t(f) = 2*f**3 + 12*f**2 + 18*f - 30. Give t(-2).
-34
Let m(q) = 2*q**3 - 13*q**2 + 6*q + 15. Calculate m(7).
106
Let v(u) = -2*u**3 + 6*u**2 + 24*u - 51. What is v(5)?
-31
Let y(i) = i**2 + 8*i - 53. Give y(-12).
-5
Let f(a) = -3*a**2 - 54*a + 95. What is f(-19)?
38
Let c(l) = l**2 - 47*l - 99. Determine c(44).
-231
Let r(d) = -6*d**2 + 188*d + 5606. Give r(50).
6
Let w(i) = i**2 + 40*i + 211. Give w(-33).
-20
Let m(z) = 56*z + 1453. Determine m(-26).
-3
Let l(m) = 3*m + 85. What is l(-26)?
7
Let x(t) = 52*t + 246. What is x(-6)?
-66
Let y(l) = -12*l**2 - 57*l + 94. Determine y(-6).
4
Let t(o) = o**3 - 49*o**2 - 6*o + 272. Calculate t(49).
-22
Let f(x) = -26*x + 26. Calculate f(8).
-182
Let i(v) = 4*v**3 - 8*v**2 - 181*v + 1. Give i(-6).
-65
Let t(b) = b**3 + 6*b**2 - 100*b + 61. Calculate t(7).
-2
Let z(j) = 178*j + 1032. Determine z(-6).
-36
Let n(i) = 26*i**2 + 2945*i - 2946. What is n(1)?
25
Let a(h) = 126*h + 5963. What is a(-47)?
41
Let p(j) = -27*j**2 - 56*j - 17. What is p(-2)?
-13
Let y(i) = -8*i**3 - 21*i**2 + 10*i + 17. Give y(-3).
14
Let q(i) = -i**2 - 20*i - 44. Determine q(-14).
40
Let x(u) = 2*u**3 + 48*u**2 + 229*u - 113. Give x(-6).
-191
Let g(v) = 2*v**3 + 46*v**2 + 328*v - 24. Determine g(-11).
-728
Let n(i) = -5*i**2 - 3*i + 26. Calculate n(0).
26
Let n(f) = f**3 + 25*f**2 + 35*f + 1618. Calculate n(-26).
32
Let t(r) = -88*r + 1884. What is t(21)?
36
Let n(j) = -j**2 + 26*j - 69. What is n(23)?
0
Let y(d) = 115*d + 1107. Calculate y(-9).
72
Let r(z) = z**3 + 38*z**2 - 269*z - 14. Give r(6).
-44
Let c(l) = -15*l + 94. Determine c(-5).
169
Let n(a) = -26*a + 193. Determine n(12).
-119
Let n(w) = -94*w - 506. Give n(-6).
58
Let p(k) = -2*k**3 + 275*k**2 + 424*k - 982. Determine p(139).
-9
Let f(s) = -108*s + 10902. Calculate f(102).
-114
Let y(o) = -4*o**2 + 118*o - 466. Calculate y(4).
-58
Let h(b) = 279*b + 285. Calculate h(-1).
6
Let n(a) = a**3 - 3*a**2 + 8*a - 65. Give n(5).
25
Let d(j) = -5*j**3 + 6*j**2 + 442*j - 9. Give d(10).
11
Let c(w) = w**3 + 32*w**2 - 33*w - 35. Calculate c(-33).
-35
Let b(t) = -t**3 + 2*t**2 + 514*t - 2549. Give b(5).
-54
Let i(v) = -3*v**3 + 10*v**2 + 61*v - 260. Calculate i(5).
-80
Let p(b) = -7*b**2 + 47*b - 77. Give p(4).
-1
Let y(d) = -d**3 + 8*d**2 + 44*d - 300. Give y(7).
57
Let n(x) = -x**2 + 35*x + 69. Give n(36).
33
Let j(d) = 34*d + 304. Determine j(-7).
66
Let j(m) = -15*m - 715. What is j(-49)?
20
Let o(w) = 43*w - 3190. Determine o(74).
-8
Let n(l) = -11*l**2 - 205*l - 45. Calculate n(-18).
81
Let i(c) = 2*c**3 + 71*c**2 - 36*c - 8. Determine i(-36).
-8
Let c(z) = 5*z**3 - 20*z**2 + 12*z - 56. Calculate c(4).
-8
Let d(t) = t**3 - 189*t**2 + 2923*t + 165. Calculate d(172).
-7
Let j(s) = -7*s**2 + 78*s - 56. Calculate j(9).
79
Let q(n) = -911*n - 51930. Calculate q(-57).
-3
Let r(l) = -l**3 + 6*l**2 - l + 40. What is r(7)?
-16
Let n(m) = -m**3 + 111*m**2 + 104*m + 978. Give n(112).
82
Let k(w) = -192*w + 15156. Calculate k(79).
-12
Let u(f) = -f**3 - 7*f**2 - 4*f - 7. What is u(-5)?
-37
Let a(n) = -3*n**2 - 57*n - 329. Calculate a(-21).
-455
Let s(g) = -23*g**2 + 2*g + 5. Give s(-5).
-580
Let d(a) = a**2 - 46*a - 13875. Determine d(143).
-4
Let d(h) = -h**2 + 5*h - 4. Give d(8).
-28
Let p(v) = -76*v - 324. Calculate p(-3).
-96
Let c(p) = 21*p**2 - 28*p - 112. Calculate c(-4).
336
Let r(m) = -m**3 - 26*m**2 - 20*m + 129. What is r(-25)?
4
Let g(u) = -12223*u + 61126. Calculate g(5).
11
Let s(j) = 1235*j + 41986. Determine s(-34).
-4
Let v(x) = -3148*x - 3145. Determine v(-1).
3
Let y(c) = -c**3 - 21*c**2 - 199. Determine y(-18).
-1171
Let t(o) = -35*o**2 - 54*o - 105. Determine t(-2).
-137
Let p(w) = 109*w - 3048. Give p(28).
4
Let r(i) = -310*i + 2161. What is r(7)?
-9
Let s(a) = -28*a - 369. What is s(-8)?
-145
Let n(r) = -27*r**2 - 310*r + 927. Calculate n(3).
-246
Let j(i) = -59*i + 420. What is j(7)?
7
Let q(d) = 10*d**2 + 620*d + 4. Calculate q(-62).
4
Let w(g) = 2*g**3 - 129*g**2 - 63*g - 43. Calculate w(65).
87
Let h(u) = -99*u + 5166. Give h(52).
18
Let y(d) = d**3 + 30*d**2 - 93*d + 201. Give y(-33).
3
Let q(m) = -72*m - 835. Give q(-8).
-259
Let i(t) = t**3 - 27*t**2 - 128*t + 22. Give i(-5).
-138
Let r(c) = -2*c**3 - 43*c**2 + 29*c + 72. What is r(-22)?
-82
Let w(i) = -73*i + 911. Determine w(15).
-184
Let k(x) = 2835*x - 8518. What is k(3)?
-13
Let k(n) = 27*n**3 + 9*n**2 + 9*n. Calculate k(-1).
-27
Let m(a) = 3488*a + 6932. Calculate m(-2).
-44
Let u(m) = -2*m**2 - 8*m + 984. Give u(25).
-466
Let x(y) = 22*y - 923. Determine x(27).
-329
Let q(h) = 2*h**3 - 171*h**2 + 246*h + 513. Give q(84).
9
Let z(p) = -160*p**2 - 1916*p + 52. Give z(-12).
4
Let l(z) = -z**3 - 43*z**2 - 148*z + 315. What is l(-39)?
3
Let d(b) = 2*b**2 + 311*b - 800. Determine d(-158).
-10
Let p(j) = -376*j + 70694. What is p(188)?
6
Let u(x) = -x**3 - 44*x - 213. Calculate u(-4).
27
Let t(v) = 19*v + 557. Give t(-21).
158
Let y(i) = -i**3 + 62*i**2 + 79*i - 1024. Give y(63).
-16
Let w(s) = 828*s - 739. Calculate w(1).
89
Let d(q) = 51*q**2 + 344*q - 3. Calculate d(-7).
88
Let j(d) = -d**3 + 9*d**2 + 16*d + 14. Give j(-5).
284
Let l(m) = -19*m**2 - 1330*m - 10. What is l(-70)?
-10
Let q(v) = -v